
Suppose -151 = 4*n + 2*y - 887, 0 = 5*y. What are the prime factors of n?
2, 23
Let q be (-6)/(2 - -2 - 3). List the prime factors of (-11)/((-3)/q - 1).
2, 11
Suppose 5*s + 4*l = 38, -4*s + 23 = -2*s - l. Suppose -q + s = q. List the prime factors of q.
5
Suppose 25 = 5*d + 5*i, -3*d + 2 = -2*i - 3. Suppose -d*c - 2*x = x + 30, 0 = -c - 3*x - 18. Let y = 22 + c. What are the prime factors of y?
2
Let r be (-1 + -4)*(1 - 2). Suppose 0*m - 2 = -2*m - r*y, 0 = 2*m - 3*y - 2. What are the prime factors of 16/(-4)*m/(-2)?
2
Let h(l) = l + 5. Let y be h(-3). Let f be (-10)/(-6) + (-12)/18. What are the prime factors of 12/(y + -2 + f)?
2, 3
Suppose 0 = 4*u, -4*u = -3*j + 4 - 13. What are the prime factors of (j/(-2))/((-2)/(-12))?
3
Let r(f) be the first derivative of f**4/4 + 3*f**3 - 5*f**2/2 - 4*f + 5. List the prime factors of r(-9).
41
Let p be (4/3)/(8/(-12)). What are the prime factors of (-120)/(-6) + 4 + p?
2, 11
Suppose -2*h + 20 = -18. List the prime factors of h.
19
Suppose 27 = -4*k + 3*g, 0 = -2*k + 3*g - 5*g + 4. Let m = 3 + k. Suppose 5*x + 5*h - 45 = m, 2 = -h - 3. What are the prime factors of x?
2, 7
Let m(y) = y**2 - 4*y - 5. Let o be m(4). Let d = o + 18. List the prime factors of d.
13
Let a(v) = -v**2 + 12*v. Let j be a(12). Suppose -4*x = y - 52, 2*x + 3*y - y - 26 = j. List the prime factors of x.
13
Suppose 0 = 2*m - 30 - 62. What are the prime factors of m?
2, 23
Let w = 5 - -18. List the prime factors of w.
23
Suppose -2*d + 0 = -l - 1, 4*d + 3 = -3*l. Let p = 5 - l. List the prime factors of p.
2, 3
Let g(a) be the first derivative of a**4/4 + 4*a**3/3 - 5*a**2/2 + 2*a + 6. Let h be (5/3)/(2/(-6)). List the prime factors of g(h).
2
Suppose 0*u - u + 42 = -t, 3*t = 4*u - 165. List the prime factors of u.
3, 13
Let w be -2 - (-1)/(-1) - -5. Suppose -3*j - 19 = -4*i, -i + 0*i - w*j - 9 = 0. Suppose -7 = -3*v - i. List the prime factors of v.
2
List the prime factors of 6/(-21) + (-2)/(-7) - -166.
2, 83
Suppose -8*l + 6*l + 180 = 0. List the prime factors of l.
2, 3, 5
Let y = 188 - 98. List the prime factors of y.
2, 3, 5
List the prime factors of 836/26 + (-6)/39.
2
Let w(z) = -z**2 - 5*z + 1. Let f be w(-4). Suppose 5*q + 5*n = 3*n + 75, 15 = q - f*n. List the prime factors of q.
3, 5
Suppose -3*i + 13 = 2*t - 10, -4*i - 76 = -4*t. What are the prime factors of t?
2
Suppose 0 = 3*f - 2*b - 1, -27 = -6*f + f - 3*b. Suppose 2*t - 20 = -5*s + 6, -s = -f*t + 56. List the prime factors of t.
2, 3
Suppose -5 = h - 4*k, 5*h - 3*k - 19 = -5*k. Let q be (-4 - -3) + -6 + h. Let p = 8 + q. What are the prime factors of p?
2
Let x be 1*(5 + 1 + -1). Suppose 0 = x*m - o - 6, -o = -3*m + 4*o + 8. Let s = m + 5. List the prime factors of s.
2, 3
Let o(m) be the second derivative of m**4/12 + 4*m**3/3 - 9*m**2/2 - m. List the prime factors of o(-10).
11
Let v(u) be the second derivative of u**3/3 - 2*u. Let k be v(-1). Let x(a) = a**2 + 2*a + 2. List the prime factors of x(k).
2
Let x(t) = -9*t - 5. Let k(d) = 4*d + 3. Let r(o) = 7*k(o) + 4*x(o). Let p be r(2). Let y = p + 35. List the prime factors of y.
2, 5
Let m be (2 - -1) + (6 - 7). Suppose s = 2*a + 4, 2*s + 2 = 3*a + 8. Let p = m - a. What are the prime factors of p?
2
Let z(o) = 2*o**2 + 3*o + 2. What are the prime factors of z(5)?
67
Suppose -2*j + 1 = u, -2*u + 4*j = 2*j - 20. Let w(x) = x**3 - 8*x**2 + 10*x - 4. What are the prime factors of w(u)?
17
Let i be (2*-1)/((-4)/(-18)). Let v = 29 + i. Let s = v + -13. List the prime factors of s.
7
Let s be 0/(2/4*4). Suppose s*g + 5 = g. Suppose -g*v - 1 + 31 = 0. List the prime factors of v.
2, 3
Let h(x) = -x - 8. Let f be h(-9). What are the prime factors of 25/10 - f/(-2)?
3
Let t(a) = a**2 + 9*a + 3. Let y be t(-9). List the prime factors of 3/2*10/y.
5
Let c = -31 - -17. Suppose 2*p = -3*a + 67, 18 = 2*a + 2*p - 24. Let v = a + c. List the prime factors of v.
11
Let d be ((-8)/(-14))/((-14)/(-49)). Let m = d + -6. List the prime factors of (8 + m)*(-4)/(-2).
2
Let u be 21 - (-1 - -1) - 2. Suppose 3*v = v - 14. Let i = u + v. List the prime factors of i.
2, 3
Suppose 0 = 2*i - 3*h - 7, -2*h + 4 + 2 = -4*i. Let u = -11 - i. Let n(v) = -v**3 - 6*v**2 + 4*v - 1. What are the prime factors of n(u)?
2, 5
Let w(n) = -5*n**3 - 9*n - 15 - 10*n**2 + 5*n**3 + n**3. List the prime factors of w(11).
7
Let m = 5 + -2. List the prime factors of m.
3
Suppose 0 = n + 2*c + 2*c + 67, -4*n = -2*c + 196. Let r = n - -72. What are the prime factors of r?
3, 7
Let j be 4/(-2)*1/(-2). Let y be -4*(j - 0)/(-1). Suppose 5*u + 2*i + 2*i - 57 = 0, 15 = 3*u - y*i. List the prime factors of u.
3
Let a(k) be the third derivative of -k**4/12 + 7*k**3/6 + k**2. Let o be a(5). What are the prime factors of 1*((-30)/(-3) - o)?
13
Let d(c) = c**2 - 4*c - 8. List the prime factors of d(7).
13
Suppose 3*b - 7*b + 84 = 0. List the prime factors of b.
3, 7
Let t(y) = 6*y. Suppose 0*h - 2*h + 20 = 4*o, 2*o - 10 = h. List the prime factors of t(o).
2, 3, 5
Let s(g) = 79*g**3 + 2*g**2 - 2*g. List the prime factors of s(1).
79
Let n = 7 - -6. Let z be 1/3*(n + 2). Let r = 7 - z. What are the prime factors of r?
2
Let z be (-2)/12 + (-171)/(-54). List the prime factors of 4/(-3) + 85/z.
3
Let j be -1*(1 - (0 + -17)). What are the prime factors of (-40)/(-18) + 4/j?
2
Let j(s) = 12*s - 5. List the prime factors of j(4).
43
Let d(r) be the first derivative of 1 + 10/3*r**3 - r + r**2. What are the prime factors of d(1)?
11
Let n(l) = -2*l. Let y be n(-3). Let k be y/3*10/4. Suppose 14 = 2*c + 2*w, -3*w - w + 30 = k*c. List the prime factors of c.
2
Let h(i) = -i**3 - i**2 - 2*i - 1. Let q(r) = r**3 + 14*r**2 - 15*r - 2. Let v be q(-15). List the prime factors of h(v).
7
Suppose 0 = 4*o + 16 - 280. Let p = -25 + o. List the prime factors of p.
41
Let a(u) = u**3 + 6*u**2 - u + 2. Let b be a(-6). Let i = b - 5. Suppose -29 = -i*m - 2. List the prime factors of m.
3
Suppose -5*g = -0*g. List the prime factors of 11 - (1 - g) - -2.
2, 3
Suppose -2*s = -3*q + 59, -5*s = -q - 0*s + 37. Let k = q + -7. List the prime factors of k.
2, 5
Let t(k) = -k**3 - 5*k**2 + 8*k + 9. Let m be t(-6). Let o(q) = q**2 + 3. What are the prime factors of o(m)?
2, 3
Let d(b) = b. Let m(k) = -k**2 + k - 3. Let p(x) = 5*d(x) - m(x). List the prime factors of p(-4).
3
Suppose -g - 3 + 5 = 0. Suppose s = g*s - f - 3, -5*s + f = -7. Suppose -3 = -2*b + s. List the prime factors of b.
2
Let s(x) be the third derivative of x**4/24 + x**3/6 + 2*x**2. Let b be s(-3). Let k = b + 6. List the prime factors of k.
2
Let p(v) = v - 2. Suppose -r + 4*t = 19 - 5, 3*r + 4*t = 22. Let d be p(r). Suppose 4*g - i - 35 = d, -3*g - 2*i = 3*i - 55. What are the prime factors of g?
2, 5
Let j = 59 - 35. What are the prime factors of j?
2, 3
Let b = 43 + 42. Suppose 6*c = c + b. What are the prime factors of c?
17
Suppose -30 = -2*y - 2*u, -2*u - 2*u = -16. List the prime factors of y.
11
Let x(m) = m**3 + 7*m**2 - 1. Let h be x(-7). List the prime factors of 1/h - (3 - 17).
13
Suppose -3*a + 27 - 6 = 0. Suppose -43 = -a*h + 6*h. List the prime factors of h.
43
Let w(a) = -a**2 + 38*a - 22. What are the prime factors of w(21)?
5, 67
Let b be 5/(-20) + (-30)/8. Let a = b + 5. Suppose -3 = -2*q + 3*t - a, -4*q - 2*t + 36 = 0. What are the prime factors of q?
7
Suppose 5*g = 529 + 191. List the prime factors of g.
2, 3
Let k be 0 - ((2 - 2) + -2). Suppose -3*c - 2*c + 170 = 3*o, k*o = c - 21. List the prime factors of c.
31
Let o(s) = 25*s - 23. What are the prime factors of o(8)?
3, 59
Let l be 6/(-2 + -1) - -17. Suppose 3 + l = p. List the prime factors of p.
2, 3
Suppose l + 3*l = 5*z + 44, 0 = 3*z. Suppose 2*p = 17 + l. List the prime factors of p.
2, 7
Let s = -18 - -20. Suppose 3*d = s*d + 10. List the prime factors of d.
2, 5
Suppose 2*b - 6 = 2. List the prime factors of 16/(-6)*(-7 + b).
2
Let m(x) be the third derivative of -1/120*x**6 + 0*x - 1/12*x**5 + 3*x**2 - 7/24*x**4 - 5/6*x**3 + 0. List the prime factors of m(-4).
7
Let n(h) = 8*h - 1. Let i be n(2). Suppose 2*r = -2*p + i + 5, -2*r - 5*p = -20. Let z(f) = -f + 21. List the prime factors of z(r).
11
Suppose 4*f - 11 - 9 = 0. Suppose -3*u + f*k + 27 = 0, -4*u - 3*k = -45 - 20. List the prime factors of u.
2, 7
Let i(r) = 3*r**3 - 5*r**2 - r - 7. Li